{"id":5,"date":"2023-12-14T01:42:30","date_gmt":"2023-12-14T01:42:30","guid":{"rendered":"https:\/\/parkinsonvoixetdeglutition.ca\/?page_id=5"},"modified":"2024-07-23T17:55:06","modified_gmt":"2024-07-23T17:55:06","slug":"home","status":"publish","type":"page","link":"https:\/\/parkinsonvoixetdeglutition.ca\/","title":{"rendered":"Accueil"},"content":{"rendered":"\n<div class=\"wp-block-cover alignfull has-parallax is-light has-small-font-size wp-duotone-unset-1\" style=\"border-style:none;border-width:0px;border-radius:0px;padding-top:0;padding-right:0;padding-bottom:0;padding-left:0;min-height:770px;aspect-ratio:unset;\"><span aria-hidden=\"true\" class=\"wp-block-cover__background has-nv-site-bg-background-color has-background-dim-80 has-background-dim\"><\/span><div class=\"wp-block-cover__image-background wp-image-295 has-parallax\" style=\"background-position:50% 50%;background-image:url(https:\/\/parkinsonvoixetdeglutition.ca\/wp-content\/uploads\/2024\/07\/Parkinson_Voix_et_Deglutition_logo.png);\"><\/div><div class=\"wp-block-cover__inner-container is-layout-flow wp-block-cover-is-layout-flow\">\n<div class=\"wp-block-essential-blocks-advanced-heading  root-eb-advance-heading-54vig\"><div class=\"eb-parent-wrapper eb-parent-eb-advance-heading-54vig \"><div class=\"eb-advance-heading-wrapper eb-advance-heading-54vig preset-0\" data-id=\"eb-advance-heading-54vig\"><h1 class=\"eb-ah-title\"><strong>Parkinson Voix et D\u00e9glutition<\/strong><\/h1><div class=\"eb-ah-separator line\"><\/div><\/div><\/div><\/div>\n\n\n\n<div class=\"wp-block-group\"><div class=\"wp-block-group__inner-container is-layout-flow wp-block-group-is-layout-flow\">\n<p><\/p>\n\n\n\n<p class=\"has-text-align-center has-large-font-size\"><strong>\u00c0 propos<\/strong><\/p>\n\n\n\n<p class=\"has-medium-font-size\">Les difficult\u00e9s qui affectent la communication et la d\u00e9glutition dans la maladie de Parkinson sont peu connues, et pourtant, elles affectent jusqu\u2019\u00e0 90 % des personnes atteintes de la maladie de Parkinson et affectent consid\u00e9rablement leur participation sociale. Au Qu\u00e9bec, on estime que moins 38 % d&#8217;entre elles re\u00e7oivent des services pour ces probl\u00e8mes.<\/p>\n\n\n\n<p class=\"has-medium-font-size\">Dans cette programmation de recherche, des projets novateurs sont d\u00e9ploy\u00e9s pour relever ces d\u00e9fis sp\u00e9cifiques li\u00e9s aux enjeux de communication et de d\u00e9glutition dans la population Parkinson.&nbsp;<\/p>\n\n\n\n<p class=\"has-medium-font-size\">Notre approche interdisciplinaire s\u2019ancre dans les sciences de l&#8217;orthophonie en partenariat avec les sciences du g\u00e9nie et les milieux communautaires et entrepreneuriaux. Nous visons le d\u00e9veloppement de nouveaux services et de nouvelles technologies pour rem\u00e9dier aux enjeux d\u2019accessibilit\u00e9 aux services.&nbsp;<\/p>\n\n\n\n<p class=\"has-medium-font-size\">Les personnes atteintes de la maladie de Parkinson sont des partenaires essentiels dans ces initiatives. En combinant leur savoir exp\u00e9rientiel avec les savoirs des chercheurs et l&#8217;implication enthousiaste des personnes \u00e9tudiantes rattach\u00e9es au laboratoire, notre mission est d\u2019aboutir \u00e0 des outils concrets pour r\u00e9pondre aux besoins des personnes avec la maladie de Parkinson.&nbsp;<\/p>\n\n\n\n<p><\/p>\n<\/div><\/div>\n\n\n<div class=\"root-eb-post-carousel-jn5xr wp-block-essential-blocks-post-carousel\">\n    <div class=\"eb-parent-wrapper eb-parent-eb-post-carousel-jn5xr \">\n        <div class=\"eb-post-carousel-jn5xr style-1 slick-arrows equal-height dot-circle eb-post-carousel-wrapper\"\n            data-id=\"eb-post-carousel-jn5xr\"\n            data-querydata=\"a:14:{s:6:&quot;source&quot;;s:4:&quot;post&quot;;s:11:&quot;sourceIndex&quot;;i:0;s:9:&quot;rest_base&quot;;s:5:&quot;posts&quot;;s:14:&quot;rest_namespace&quot;;s:5:&quot;wp\/v2&quot;;s:6:&quot;author&quot;;s:0:&quot;&quot;;s:10:&quot;taxonomies&quot;;a:0:{}s:8:&quot;per_page&quot;;s:1:&quot;6&quot;;s:6:&quot;offset&quot;;s:1:&quot;0&quot;;s:7:&quot;orderby&quot;;s:4:&quot;date&quot;;s:5:&quot;order&quot;;s:4:&quot;desc&quot;;s:7:&quot;include&quot;;s:0:&quot;&quot;;s:7:&quot;exclude&quot;;s:0:&quot;&quot;;s:15:&quot;exclude_current&quot;;b:0;s:26:&quot;exclude_password_protected&quot;;b:0;}\"\n            data-slidersettings=\"{&quot;arrows&quot;:true,&quot;dots&quot;:true,&quot;autoplaySpeed&quot;:3000,&quot;speed&quot;:500,&quot;adaptiveHeight&quot;:true,&quot;autoplay&quot;:true,&quot;infinite&quot;:true,&quot;pauseOnHover&quot;:true,&quot;slideToShowRange&quot;:2,&quot;leftArrowIcon&quot;:&quot;fas fa-chevron-circle-left&quot;,&quot;rightArrowIcon&quot;:&quot;fas fa-chevron-circle-right&quot;,&quot;addIcon&quot;:false,&quot;showFallbackImg&quot;:false,&quot;fallbackImgUrl&quot;:&quot;&quot;,&quot;isRTLEnable&quot;:false,&quot;TABslideToShowRange&quot;:2,&quot;MOBslideToShowRange&quot;:1}\"\n            data-attributes=\"{&quot;preset&quot;:&quot;style-1&quot;,&quot;showThumbnail&quot;:true,&quot;showTitle&quot;:true,&quot;titleLength&quot;:&quot;10&quot;,&quot;titleTag&quot;:&quot;h2&quot;,&quot;showContent&quot;:true,&quot;contentLength&quot;:20,&quot;expansionIndicator&quot;:&quot;...&quot;,&quot;showReadMore&quot;:false,&quot;readmoreText&quot;:&quot;Read More&quot;,&quot;showMeta&quot;:true,&quot;headerMeta&quot;:&quot;[{\\&quot;value\\&quot;:\\&quot;categories\\&quot;,\\&quot;label\\&quot;:\\&quot;Categories\\&quot;}]&quot;,&quot;footerMeta&quot;:&quot;[{\\&quot;value\\&quot;:\\&quot;avatar\\&quot;,\\&quot;label\\&quot;:\\&quot;Author Avatar\\&quot;},{\\&quot;value\\&quot;:\\&quot;author\\&quot;,\\&quot;label\\&quot;:\\&quot;Author Name\\&quot;},{\\&quot;value\\&quot;:\\&quot;date\\&quot;,\\&quot;label\\&quot;:\\&quot;Published Date\\&quot;}]&quot;,&quot;authorPrefix&quot;:&quot;by&quot;,&quot;datePrefix&quot;:&quot;on&quot;,&quot;showBlockContent&quot;:true,&quot;showFeaturedPost&quot;:false,&quot;featuredPostId&quot;:&quot;&quot;,&quot;showFeaturedPostTitle&quot;:true,&quot;showFeaturedPostContent&quot;:false,&quot;showFeaturedPostMeta&quot;:true,&quot;showFeaturedHeaderMeta&quot;:true,&quot;showFeaturedFooterMeta&quot;:true,&quot;featuredMetaItems&quot;:&quot;{}&quot;,&quot;featuredExcerptLength&quot;:10,&quot;leftArrowIcon&quot;:&quot;fas fa-chevron-circle-left&quot;,&quot;rightArrowIcon&quot;:&quot;fas fa-chevron-circle-right&quot;,&quot;showFallbackImg&quot;:false,&quot;isRTLEnable&quot;:false}\">\n\n            <div class=\"eb-post-carousel init-eb-post-carousel-jn5xr\"\n                data-id=\"eb-post-carousel-jn5xr\">\n                <article class=\"ebpg-carousel-post ebpg-post-carousel-column\" data-id=\"227\"><div class=\"ebpg-carousel-post-holder\"><div class=\"ebpg-entry-media\">\n                <div class=\"ebpg-entry-thumbnail\">\n                    <a class=\"ebpg-post-link-wrapper eb-sr-only\" href=\"https:\/\/parkinsonvoixetdeglutition.ca\/?p=227\">Un logo pour nos projets Parkinson voix et d\u00e9glutition!<\/a>\n                    <img loading=\"lazy\" decoding=\"async\" width=\"1024\" height=\"712\" src=\"https:\/\/parkinsonvoixetdeglutition.ca\/wp-content\/uploads\/2024\/01\/Parkinson_Voix_et_Deglutition_logo.png\" class=\"attachment-full size-full\" alt=\"\" srcset=\"https:\/\/parkinsonvoixetdeglutition.ca\/wp-content\/uploads\/2024\/01\/Parkinson_Voix_et_Deglutition_logo.png 1024w, https:\/\/parkinsonvoixetdeglutition.ca\/wp-content\/uploads\/2024\/01\/Parkinson_Voix_et_Deglutition_logo-300x209.png 300w, https:\/\/parkinsonvoixetdeglutition.ca\/wp-content\/uploads\/2024\/01\/Parkinson_Voix_et_Deglutition_logo-768x534.png 768w\" sizes=\"auto, (max-width: 1024px) 100vw, 1024px\" \/>\n                <\/div>\n            <\/div><div class=\"ebpg-entry-wrapper\"><div class=\"ebpg-entry-meta ebpg-header-meta\"><div class=\"ebpg-entry-meta-items\"><div class=\"ebpg-meta ebpg-categories-meta\"><a href=\"https:\/\/parkinsonvoixetdeglutition.ca\/?cat=1\" title=\"Blog\">Blog<\/a><\/div><\/div><\/div><header class=\"ebpg-entry-header\">\n            <h2 class=\"ebpg-entry-title\">\n                <a class=\"ebpg-carousel-post-link\" href=\"https:\/\/parkinsonvoixetdeglutition.ca\/?p=227\" title=\"unlogopournosprojetsparkinsonvoixetdglutition\">Un logo pour nos projets Parkinson voix et d\u00e9glutition!<\/a>\n            <\/h2>\n        <\/header><div class=\"ebpg-entry-content\"><div class=\"ebpg-carousel-post-excerpt\">\n            <p>Au LaboIV on est un peu en amour avec les logos &#8211; ces petites images qui donnent une identit\u00e9 visuelle&#8230;<\/p>\n        <\/div><\/div><div class=\"ebpg-entry-meta ebpg-footer-meta\"><div class=\"ebpg-author-avatar\">\n            <a href=\"https:\/\/parkinsonvoixetdeglutition.ca\/?author=2\">\n                <img decoding=\"async\" alt=\"Ons El Mokhtar\" src=\"https:\/\/secure.gravatar.com\/avatar\/91fb81c1b0418088173cc9156e3697eaa239dbf6c23d9117ef1c736e1a5e6bba?s=96&amp;d=mm&amp;r=g\" \/>\n            <\/a>\n        <\/div><div class=\"ebpg-entry-meta-items\"><span class=\"ebpg-posted-by\">\n            by <a href=\"https:\/\/parkinsonvoixetdeglutition.ca\/?author=2\" title=\"Ons El Mokhtar\" rel=\"author\">Ons El Mokhtar<\/a>\n        <\/span><span class=\"ebpg-posted-on\">\n            on <time dateTime=\"2024-01-30T19:49:32+00:00\">January 30, 2024<\/time>\n        <\/span><\/div><\/div><\/div><\/div><\/article><article class=\"ebpg-carousel-post ebpg-post-carousel-column\" data-id=\"220\"><div class=\"ebpg-carousel-post-holder\"><div class=\"ebpg-entry-media\">\n                <div class=\"ebpg-entry-thumbnail\">\n                    <a class=\"ebpg-post-link-wrapper eb-sr-only\" href=\"https:\/\/parkinsonvoixetdeglutition.ca\/?p=220\">Les TIA sont de retour et les exp\u00e9riences peuvent recommencer!<\/a>\n                    <img loading=\"lazy\" decoding=\"async\" width=\"924\" height=\"1467\" src=\"https:\/\/parkinsonvoixetdeglutition.ca\/wp-content\/uploads\/2024\/01\/Ons-et-iusabella-TIA.png\" class=\"attachment-full size-full\" alt=\"\" srcset=\"https:\/\/parkinsonvoixetdeglutition.ca\/wp-content\/uploads\/2024\/01\/Ons-et-iusabella-TIA.png 924w, https:\/\/parkinsonvoixetdeglutition.ca\/wp-content\/uploads\/2024\/01\/Ons-et-iusabella-TIA-189x300.png 189w, https:\/\/parkinsonvoixetdeglutition.ca\/wp-content\/uploads\/2024\/01\/Ons-et-iusabella-TIA-645x1024.png 645w, https:\/\/parkinsonvoixetdeglutition.ca\/wp-content\/uploads\/2024\/01\/Ons-et-iusabella-TIA-768x1219.png 768w\" sizes=\"auto, (max-width: 924px) 100vw, 924px\" \/>\n                <\/div>\n            <\/div><div class=\"ebpg-entry-wrapper\"><div class=\"ebpg-entry-meta ebpg-header-meta\"><div class=\"ebpg-entry-meta-items\"><div class=\"ebpg-meta ebpg-categories-meta\"><a href=\"https:\/\/parkinsonvoixetdeglutition.ca\/?cat=1\" title=\"Blog\">Blog<\/a><\/div><\/div><\/div><header class=\"ebpg-entry-header\">\n            <h2 class=\"ebpg-entry-title\">\n                <a class=\"ebpg-carousel-post-link\" href=\"https:\/\/parkinsonvoixetdeglutition.ca\/?p=220\" title=\"lestiasontderetouretlesexpriencespeuventrecommencer\">Les TIA sont de retour et les exp\u00e9riences peuvent recommencer!<\/a>\n            <\/h2>\n        <\/header><div class=\"ebpg-entry-content\"><div class=\"ebpg-carousel-post-excerpt\">\n            <p>Notre \u00e9quipe a h\u00e2te de reprendre les exp\u00e9riences sur le terrain avec les participant.es qui se sont port\u00e9.es volontaires pour&#8230;<\/p>\n        <\/div><\/div><div class=\"ebpg-entry-meta ebpg-footer-meta\"><div class=\"ebpg-author-avatar\">\n            <a href=\"https:\/\/parkinsonvoixetdeglutition.ca\/?author=2\">\n                <img decoding=\"async\" alt=\"Ons El Mokhtar\" src=\"https:\/\/secure.gravatar.com\/avatar\/91fb81c1b0418088173cc9156e3697eaa239dbf6c23d9117ef1c736e1a5e6bba?s=96&amp;d=mm&amp;r=g\" \/>\n            <\/a>\n        <\/div><div class=\"ebpg-entry-meta-items\"><span class=\"ebpg-posted-by\">\n            by <a href=\"https:\/\/parkinsonvoixetdeglutition.ca\/?author=2\" title=\"Ons El Mokhtar\" rel=\"author\">Ons El Mokhtar<\/a>\n        <\/span><span class=\"ebpg-posted-on\">\n            on <time dateTime=\"2024-01-30T19:36:46+00:00\">January 30, 2024<\/time>\n        <\/span><\/div><\/div><\/div><\/div><\/article><article class=\"ebpg-carousel-post ebpg-post-carousel-column\" data-id=\"205\"><div class=\"ebpg-carousel-post-holder\"><div class=\"ebpg-entry-media\">\n                <div class=\"ebpg-entry-thumbnail\">\n                    <a class=\"ebpg-post-link-wrapper eb-sr-only\" href=\"https:\/\/parkinsonvoixetdeglutition.ca\/?p=205\">Musculation de la voix<\/a>\n                    <img loading=\"lazy\" decoding=\"async\" width=\"1024\" height=\"853\" src=\"https:\/\/parkinsonvoixetdeglutition.ca\/wp-content\/uploads\/2024\/01\/image-5.png\" class=\"attachment-full size-full\" alt=\"\" srcset=\"https:\/\/parkinsonvoixetdeglutition.ca\/wp-content\/uploads\/2024\/01\/image-5.png 1024w, https:\/\/parkinsonvoixetdeglutition.ca\/wp-content\/uploads\/2024\/01\/image-5-300x250.png 300w, https:\/\/parkinsonvoixetdeglutition.ca\/wp-content\/uploads\/2024\/01\/image-5-768x640.png 768w\" sizes=\"auto, (max-width: 1024px) 100vw, 1024px\" \/>\n                <\/div>\n            <\/div><div class=\"ebpg-entry-wrapper\"><div class=\"ebpg-entry-meta ebpg-header-meta\"><div class=\"ebpg-entry-meta-items\"><div class=\"ebpg-meta ebpg-categories-meta\"><a href=\"https:\/\/parkinsonvoixetdeglutition.ca\/?cat=1\" title=\"Blog\">Blog<\/a><\/div><\/div><\/div><header class=\"ebpg-entry-header\">\n            <h2 class=\"ebpg-entry-title\">\n                <a class=\"ebpg-carousel-post-link\" href=\"https:\/\/parkinsonvoixetdeglutition.ca\/?p=205\" title=\"musculationdelavoix\">Musculation de la voix<\/a>\n            <\/h2>\n        <\/header><div class=\"ebpg-entry-content\"><div class=\"ebpg-carousel-post-excerpt\">\n            <p>Musculation de la voix! Cette innovation sociale, n\u00e9e au sein du LaboIV en collaboration avec Parkinson Qu\u00e9bec en pleine pand\u00e9mie,&#8230;<\/p>\n        <\/div><\/div><div class=\"ebpg-entry-meta ebpg-footer-meta\"><div class=\"ebpg-author-avatar\">\n            <a href=\"https:\/\/parkinsonvoixetdeglutition.ca\/?author=2\">\n                <img decoding=\"async\" alt=\"Ons El Mokhtar\" src=\"https:\/\/secure.gravatar.com\/avatar\/91fb81c1b0418088173cc9156e3697eaa239dbf6c23d9117ef1c736e1a5e6bba?s=96&amp;d=mm&amp;r=g\" \/>\n            <\/a>\n        <\/div><div class=\"ebpg-entry-meta-items\"><span class=\"ebpg-posted-by\">\n            by <a href=\"https:\/\/parkinsonvoixetdeglutition.ca\/?author=2\" title=\"Ons El Mokhtar\" rel=\"author\">Ons El Mokhtar<\/a>\n        <\/span><span class=\"ebpg-posted-on\">\n            on <time dateTime=\"2024-01-30T19:20:23+00:00\">January 30, 2024<\/time>\n        <\/span><\/div><\/div><\/div><\/div><\/article><article class=\"ebpg-carousel-post ebpg-post-carousel-column\" data-id=\"208\"><div class=\"ebpg-carousel-post-holder\"><div class=\"ebpg-entry-media\">\n                <div class=\"ebpg-entry-thumbnail\">\n                    <a class=\"ebpg-post-link-wrapper eb-sr-only\" href=\"https:\/\/parkinsonvoixetdeglutition.ca\/?p=208\">\u00c9couter \u00e0 l&#8217;int\u00e9rieur de l&#8217;oreille pour d\u00e9tecter la maladie de Parkinson<\/a>\n                    <img loading=\"lazy\" decoding=\"async\" width=\"682\" height=\"1024\" src=\"https:\/\/parkinsonvoixetdeglutition.ca\/wp-content\/uploads\/2024\/01\/image-6.png\" class=\"attachment-full size-full\" alt=\"\" srcset=\"https:\/\/parkinsonvoixetdeglutition.ca\/wp-content\/uploads\/2024\/01\/image-6.png 682w, https:\/\/parkinsonvoixetdeglutition.ca\/wp-content\/uploads\/2024\/01\/image-6-200x300.png 200w\" sizes=\"auto, (max-width: 682px) 100vw, 682px\" \/>\n                <\/div>\n            <\/div><div class=\"ebpg-entry-wrapper\"><div class=\"ebpg-entry-meta ebpg-header-meta\"><div class=\"ebpg-entry-meta-items\"><div class=\"ebpg-meta ebpg-categories-meta\"><a href=\"https:\/\/parkinsonvoixetdeglutition.ca\/?cat=1\" title=\"Blog\">Blog<\/a><\/div><\/div><\/div><header class=\"ebpg-entry-header\">\n            <h2 class=\"ebpg-entry-title\">\n                <a class=\"ebpg-carousel-post-link\" href=\"https:\/\/parkinsonvoixetdeglutition.ca\/?p=208\" title=\"couterlintrieurdeloreillepourdtecterlamaladiede\">\u00c9couter \u00e0 l&#8217;int\u00e9rieur de l&#8217;oreille pour d\u00e9tecter la maladie de<\/a>\n            <\/h2>\n        <\/header><div class=\"ebpg-entry-content\"><div class=\"ebpg-carousel-post-excerpt\">\n            <p>Saviez-vous que notre oreille est une r\u00e9elle centrale sonore? En pla\u00e7ant des microphones au creux de notre conduit auditif, on&#8230;<\/p>\n        <\/div><\/div><div class=\"ebpg-entry-meta ebpg-footer-meta\"><div class=\"ebpg-author-avatar\">\n            <a href=\"https:\/\/parkinsonvoixetdeglutition.ca\/?author=2\">\n                <img decoding=\"async\" alt=\"Ons El Mokhtar\" src=\"https:\/\/secure.gravatar.com\/avatar\/91fb81c1b0418088173cc9156e3697eaa239dbf6c23d9117ef1c736e1a5e6bba?s=96&amp;d=mm&amp;r=g\" \/>\n            <\/a>\n        <\/div><div class=\"ebpg-entry-meta-items\"><span class=\"ebpg-posted-by\">\n            by <a href=\"https:\/\/parkinsonvoixetdeglutition.ca\/?author=2\" title=\"Ons El Mokhtar\" rel=\"author\">Ons El Mokhtar<\/a>\n        <\/span><span class=\"ebpg-posted-on\">\n            on <time dateTime=\"2024-01-30T19:20:18+00:00\">January 30, 2024<\/time>\n        <\/span><\/div><\/div><\/div><\/div><\/article>            <\/div>\n        <\/div>\n    <\/div>\n<\/div>\n\n\n<p><\/p>\n\n\n\n<div class=\"wp-block-buttons has-custom-font-size has-x-large-font-size is-content-justification-center is-layout-flex wp-container-core-buttons-is-layout-16018d1d wp-block-buttons-is-layout-flex\">\n<div class=\"wp-block-button\"><a class=\"wp-block-button__link wp-element-button\" href=\"https:\/\/parkinsonvoixetdeglutition.ca\/?page_id=41\">Projet de recherche<\/a><\/div>\n<\/div>\n\n\n\n<p><\/p>\n<\/div><\/div>\n","protected":false},"excerpt":{"rendered":"","protected":false},"author":1,"featured_media":295,"parent":0,"menu_order":0,"comment_status":"closed","ping_status":"closed","template":"","meta":{"_eb_attr":"","neve_meta_sidebar":"","neve_meta_container":"","neve_meta_enable_content_width":"on","neve_meta_content_width":100,"neve_meta_title_alignment":"","neve_meta_author_avatar":"","neve_post_elements_order":"","neve_meta_disable_header":"","neve_meta_disable_footer":"","neve_meta_disable_title":"on","footnotes":""},"class_list":["post-5","page","type-page","status-publish","has-post-thumbnail","hentry"],"yoast_head":"<!-- This site is optimized with the Yoast SEO plugin v27.5 - https:\/\/yoast.com\/product\/yoast-seo-wordpress\/ -->\n<title>Accueil - Parkinson Voix et D\u00e9glutition<\/title>\n<meta name=\"robots\" content=\"index, follow, max-snippet:-1, max-image-preview:large, max-video-preview:-1\" \/>\n<link rel=\"canonical\" href=\"https:\/\/parkinsonvoixetdeglutition.ca\/\" \/>\n<meta property=\"og:locale\" content=\"en_US\" \/>\n<meta property=\"og:type\" content=\"article\" \/>\n<meta property=\"og:title\" content=\"Accueil - Parkinson Voix et D\u00e9glutition\" \/>\n<meta property=\"og:url\" content=\"https:\/\/parkinsonvoixetdeglutition.ca\/\" \/>\n<meta property=\"og:site_name\" content=\"Parkinson Voix et D\u00e9glutition\" \/>\n<meta property=\"article:modified_time\" content=\"2024-07-23T17:55:06+00:00\" \/>\n<meta property=\"og:image\" content=\"http:\/\/parkinsonvoixetdeglutition.ca\/wp-content\/uploads\/2024\/07\/Parkinson_Voix_et_Deglutition_logo.png\" \/>\n\t<meta property=\"og:image:width\" content=\"873\" \/>\n\t<meta property=\"og:image:height\" content=\"589\" \/>\n\t<meta property=\"og:image:type\" content=\"image\/png\" \/>\n<meta name=\"twitter:card\" content=\"summary_large_image\" \/>\n<meta name=\"twitter:label1\" content=\"Est. reading time\" \/>\n\t<meta name=\"twitter:data1\" content=\"2 minutes\" \/>\n<script type=\"application\/ld+json\" class=\"yoast-schema-graph\">{\"@context\":\"https:\\\/\\\/schema.org\",\"@graph\":[{\"@type\":\"WebPage\",\"@id\":\"https:\\\/\\\/parkinsonvoixetdeglutition.ca\\\/\",\"url\":\"https:\\\/\\\/parkinsonvoixetdeglutition.ca\\\/\",\"name\":\"Accueil - Parkinson Voix et D\u00e9glutition\",\"isPartOf\":{\"@id\":\"https:\\\/\\\/parkinsonvoixetdeglutition.ca\\\/#website\"},\"primaryImageOfPage\":{\"@id\":\"https:\\\/\\\/parkinsonvoixetdeglutition.ca\\\/#primaryimage\"},\"image\":{\"@id\":\"https:\\\/\\\/parkinsonvoixetdeglutition.ca\\\/#primaryimage\"},\"thumbnailUrl\":\"https:\\\/\\\/parkinsonvoixetdeglutition.ca\\\/wp-content\\\/uploads\\\/2024\\\/07\\\/Parkinson_Voix_et_Deglutition_logo.png\",\"datePublished\":\"2023-12-14T01:42:30+00:00\",\"dateModified\":\"2024-07-23T17:55:06+00:00\",\"breadcrumb\":{\"@id\":\"https:\\\/\\\/parkinsonvoixetdeglutition.ca\\\/#breadcrumb\"},\"inLanguage\":\"en-US\",\"potentialAction\":[{\"@type\":\"ReadAction\",\"target\":[\"https:\\\/\\\/parkinsonvoixetdeglutition.ca\\\/\"]}]},{\"@type\":\"ImageObject\",\"inLanguage\":\"en-US\",\"@id\":\"https:\\\/\\\/parkinsonvoixetdeglutition.ca\\\/#primaryimage\",\"url\":\"https:\\\/\\\/parkinsonvoixetdeglutition.ca\\\/wp-content\\\/uploads\\\/2024\\\/07\\\/Parkinson_Voix_et_Deglutition_logo.png\",\"contentUrl\":\"https:\\\/\\\/parkinsonvoixetdeglutition.ca\\\/wp-content\\\/uploads\\\/2024\\\/07\\\/Parkinson_Voix_et_Deglutition_logo.png\",\"width\":873,\"height\":589},{\"@type\":\"BreadcrumbList\",\"@id\":\"https:\\\/\\\/parkinsonvoixetdeglutition.ca\\\/#breadcrumb\",\"itemListElement\":[{\"@type\":\"ListItem\",\"position\":1,\"name\":\"Home\",\"item\":\"https:\\\/\\\/parkinsonvoixetdeglutition.ca\\\/\"},{\"@type\":\"ListItem\",\"position\":2,\"name\":\"Accueil\"}]},{\"@type\":\"WebSite\",\"@id\":\"https:\\\/\\\/parkinsonvoixetdeglutition.ca\\\/#website\",\"url\":\"https:\\\/\\\/parkinsonvoixetdeglutition.ca\\\/\",\"name\":\"Parkinson Voix et D\u00e9glutition\",\"description\":\"\",\"publisher\":{\"@id\":\"https:\\\/\\\/parkinsonvoixetdeglutition.ca\\\/#organization\"},\"potentialAction\":[{\"@type\":\"SearchAction\",\"target\":{\"@type\":\"EntryPoint\",\"urlTemplate\":\"https:\\\/\\\/parkinsonvoixetdeglutition.ca\\\/?s={search_term_string}\"},\"query-input\":{\"@type\":\"PropertyValueSpecification\",\"valueRequired\":true,\"valueName\":\"search_term_string\"}}],\"inLanguage\":\"en-US\"},{\"@type\":\"Organization\",\"@id\":\"https:\\\/\\\/parkinsonvoixetdeglutition.ca\\\/#organization\",\"name\":\"Labo IV\",\"url\":\"https:\\\/\\\/parkinsonvoixetdeglutition.ca\\\/\",\"logo\":{\"@type\":\"ImageObject\",\"inLanguage\":\"en-US\",\"@id\":\"https:\\\/\\\/parkinsonvoixetdeglutition.ca\\\/#\\\/schema\\\/logo\\\/image\\\/\",\"url\":\"\",\"contentUrl\":\"\",\"caption\":\"Labo IV\"},\"image\":{\"@id\":\"https:\\\/\\\/parkinsonvoixetdeglutition.ca\\\/#\\\/schema\\\/logo\\\/image\\\/\"}}]}<\/script>\n<!-- \/ Yoast SEO plugin. -->","yoast_head_json":{"title":"Accueil - Parkinson Voix et D\u00e9glutition","robots":{"index":"index","follow":"follow","max-snippet":"max-snippet:-1","max-image-preview":"max-image-preview:large","max-video-preview":"max-video-preview:-1"},"canonical":"https:\/\/parkinsonvoixetdeglutition.ca\/","og_locale":"en_US","og_type":"article","og_title":"Accueil - Parkinson Voix et D\u00e9glutition","og_url":"https:\/\/parkinsonvoixetdeglutition.ca\/","og_site_name":"Parkinson Voix et D\u00e9glutition","article_modified_time":"2024-07-23T17:55:06+00:00","og_image":[{"width":873,"height":589,"url":"http:\/\/parkinsonvoixetdeglutition.ca\/wp-content\/uploads\/2024\/07\/Parkinson_Voix_et_Deglutition_logo.png","type":"image\/png"}],"twitter_card":"summary_large_image","twitter_misc":{"Est. reading time":"2 minutes"},"schema":{"@context":"https:\/\/schema.org","@graph":[{"@type":"WebPage","@id":"https:\/\/parkinsonvoixetdeglutition.ca\/","url":"https:\/\/parkinsonvoixetdeglutition.ca\/","name":"Accueil - Parkinson Voix et D\u00e9glutition","isPartOf":{"@id":"https:\/\/parkinsonvoixetdeglutition.ca\/#website"},"primaryImageOfPage":{"@id":"https:\/\/parkinsonvoixetdeglutition.ca\/#primaryimage"},"image":{"@id":"https:\/\/parkinsonvoixetdeglutition.ca\/#primaryimage"},"thumbnailUrl":"https:\/\/parkinsonvoixetdeglutition.ca\/wp-content\/uploads\/2024\/07\/Parkinson_Voix_et_Deglutition_logo.png","datePublished":"2023-12-14T01:42:30+00:00","dateModified":"2024-07-23T17:55:06+00:00","breadcrumb":{"@id":"https:\/\/parkinsonvoixetdeglutition.ca\/#breadcrumb"},"inLanguage":"en-US","potentialAction":[{"@type":"ReadAction","target":["https:\/\/parkinsonvoixetdeglutition.ca\/"]}]},{"@type":"ImageObject","inLanguage":"en-US","@id":"https:\/\/parkinsonvoixetdeglutition.ca\/#primaryimage","url":"https:\/\/parkinsonvoixetdeglutition.ca\/wp-content\/uploads\/2024\/07\/Parkinson_Voix_et_Deglutition_logo.png","contentUrl":"https:\/\/parkinsonvoixetdeglutition.ca\/wp-content\/uploads\/2024\/07\/Parkinson_Voix_et_Deglutition_logo.png","width":873,"height":589},{"@type":"BreadcrumbList","@id":"https:\/\/parkinsonvoixetdeglutition.ca\/#breadcrumb","itemListElement":[{"@type":"ListItem","position":1,"name":"Home","item":"https:\/\/parkinsonvoixetdeglutition.ca\/"},{"@type":"ListItem","position":2,"name":"Accueil"}]},{"@type":"WebSite","@id":"https:\/\/parkinsonvoixetdeglutition.ca\/#website","url":"https:\/\/parkinsonvoixetdeglutition.ca\/","name":"Parkinson Voix et D\u00e9glutition","description":"","publisher":{"@id":"https:\/\/parkinsonvoixetdeglutition.ca\/#organization"},"potentialAction":[{"@type":"SearchAction","target":{"@type":"EntryPoint","urlTemplate":"https:\/\/parkinsonvoixetdeglutition.ca\/?s={search_term_string}"},"query-input":{"@type":"PropertyValueSpecification","valueRequired":true,"valueName":"search_term_string"}}],"inLanguage":"en-US"},{"@type":"Organization","@id":"https:\/\/parkinsonvoixetdeglutition.ca\/#organization","name":"Labo IV","url":"https:\/\/parkinsonvoixetdeglutition.ca\/","logo":{"@type":"ImageObject","inLanguage":"en-US","@id":"https:\/\/parkinsonvoixetdeglutition.ca\/#\/schema\/logo\/image\/","url":"","contentUrl":"","caption":"Labo IV"},"image":{"@id":"https:\/\/parkinsonvoixetdeglutition.ca\/#\/schema\/logo\/image\/"}}]}},"_links":{"self":[{"href":"https:\/\/parkinsonvoixetdeglutition.ca\/index.php?rest_route=\/wp\/v2\/pages\/5","targetHints":{"allow":["GET"]}}],"collection":[{"href":"https:\/\/parkinsonvoixetdeglutition.ca\/index.php?rest_route=\/wp\/v2\/pages"}],"about":[{"href":"https:\/\/parkinsonvoixetdeglutition.ca\/index.php?rest_route=\/wp\/v2\/types\/page"}],"author":[{"embeddable":true,"href":"https:\/\/parkinsonvoixetdeglutition.ca\/index.php?rest_route=\/wp\/v2\/users\/1"}],"replies":[{"embeddable":true,"href":"https:\/\/parkinsonvoixetdeglutition.ca\/index.php?rest_route=%2Fwp%2Fv2%2Fcomments&post=5"}],"version-history":[{"count":48,"href":"https:\/\/parkinsonvoixetdeglutition.ca\/index.php?rest_route=\/wp\/v2\/pages\/5\/revisions"}],"predecessor-version":[{"id":315,"href":"https:\/\/parkinsonvoixetdeglutition.ca\/index.php?rest_route=\/wp\/v2\/pages\/5\/revisions\/315"}],"wp:featuredmedia":[{"embeddable":true,"href":"https:\/\/parkinsonvoixetdeglutition.ca\/index.php?rest_route=\/wp\/v2\/media\/295"}],"wp:attachment":[{"href":"https:\/\/parkinsonvoixetdeglutition.ca\/index.php?rest_route=%2Fwp%2Fv2%2Fmedia&parent=5"}],"curies":[{"name":"wp","href":"https:\/\/api.w.org\/{rel}","templated":true}]}}